*g - f. Give x(3).
-5
Let s(d) = -12*d + 1. Let j(o) = 1. Let f(b) = -2*j(b) + s(b). What is f(-1)?
11
Let x(m) = m + 9. Let a(f) = f**2 - 8*f + 10. Let t be (-1 + 0)*(4 - 11). Let b be a(t). Suppose -n + b*r = 2*r + 7, -5*n = 4*r + 8. Calculate x(n).
5
Let i(c) be the first derivative of 3*c**2 + 14*c - 12. Let t(q) = -q - 5. Let d(z) = -z. Let y(g) = -d(g) - t(g). Let w(v) = -3*i(v) + 8*y(v). Calculate w(-3).
4
Let w(o) be the first derivative of o**2 + 2*o - 14. Give w(3).
8
Let h = -16 - -25. Let q(n) = 2*n - 12. Give q(h).
6
Suppose -w = 5*u - 6*w - 5, w - 1 = 0. Let b(x) = -x**3 + 0*x**u - 3 - 4*x**2 + 2*x**2 + 1. Give b(-2).
-2
Suppose 3*i = n - 0*n + 3, 4*n = 4*i + 4. Let w(q) be the first derivative of 1/3*q**3 - 5*q + 0*q**i - 2. What is w(0)?
-5
Let q(i) = 19*i - 1 - 11*i - 14*i. Calculate q(-2).
11
Let k(a) = -a**2 + a + 3. Suppose -2*i = 23 + 37. Let p be i/9*(-6)/5. Give k(p).
-9
Let b be ((-75)/(-30))/(1/(-2)). Let w(i) = 3*i**2 + 4*i + 5. Let g(r) = 10*r**2 + 12*r + 15. Let p(k) = -2*g(k) + 7*w(k). Calculate p(b).
10
Let n(h) = 3*h + 7*h**2 + 1 - 5*h**2 + 0*h. Suppose -6 = -0*q + 3*q. Give n(q).
3
Let l(a) be the first derivative of -3*a - a**3 + 5/2*a**2 + 3 + 1/4*a**4. Determine l(3).
12
Suppose 2*s - 36 - 16 = 0. Suppose -3*w = -4*q - s, w - 3*q = 4*w + 9. Let r(p) = -2*p**3 + 3*p**2 - 2*p + 1. What is r(w)?
-7
Let x(i) = i**2 - 7*i + 18. Let y be x(4). Let n(f) = f**2 - 8*f + 7. Determine n(y).
-5
Let l(x) = -x**2 + 3*x + 4. Suppose 0 = t + 2. Let s(w) = -2*w - 3. Let d be s(t). Suppose 4*f + 2*h = 12, 0 = h + d + 1. Determine l(f).
0
Let a(u) = -u**3 - 7*u**2 + 8*u + 2. Let i(c) = 2*c**3 + 13*c**2 - 15*c - 2. Let m(r) = 5*a(r) + 3*i(r). Calculate m(-5).
4
Let x be 3 + (-3 - -2)*9. Let p(z) = -z**3 - 7*z**2 - 4*z + 6. Calculate p(x).
-6
Let i be 1/2 - 3/2. Let g(f) = -4 - 2*f**2 - 4*f - f**2 + 4*f**2 + 8*f**3. Let m(b) = 9*b**3 + b**2 - 5*b - 5. Let y(c) = 6*g(c) - 5*m(c). What is y(i)?
-2
Let a(p) = -p**2 - 3. Let n be a(0). Let q(v) = -v**3 - 3*v**2 - v - 3. Let t be q(n). Let x(l) = 1 - l**3 - 5 - 5*l - l**2 - l + 5*l. Determine x(t).
-4
Let x = 11 + -8. Let t(i) be the third derivative of i**5/60 - i**4/8 - 2*i**2. Give t(x).
0
Let o = 63 - 67. Let d(f) = -f**3 - 4*f**2 - 5*f - 3. What is d(o)?
17
Let s = -4 - -8. Let m(w) = -4*w + 6. Calculate m(s).
-10
Let m = -28 + 26. Let c(l) = -l**2 + l + 1. Determine c(m).
-5
Let t(b) = b**3 - b**2 - 3*b + 2. Let g be t(2). Suppose -4*v + 0 + 4 = g. Let d(s) = s**3 - 4 + v - 2*s**3 - 3. What is d(0)?
-6
Let k(u) = u - 2. Let n(m) = -m**2 + 3*m + 3. Let a = 7 + -4. Let g be n(a). What is k(g)?
1
Let g(y) = 3*y**3 - 14*y**2 + 14*y - 15. Let w(c) = -c**3 + 5*c**2 - 5*c + 5. Let p(v) = 4*g(v) + 11*w(v). Let q = 3 - 0. Suppose q*o = -o. Determine p(o).
-5
Let s(l) be the second derivative of l**3 - l**2/2 + 3*l. Determine s(2).
11
Let b(w) be the second derivative of -1/20*w**5 - 7/6*w**3 + w**2 + 5*w + 0 + 7/12*w**4. Determine b(6).
-4
Let v(b) = -b**3 - 5*b**2 - 5*b + 1. Let p be (-2)/(-10) - 105/25. Give v(p).
5
Let d(z) be the first derivative of -z**4/4 + 2*z**3 - z**2/2 - 6*z + 34. Give d(5).
14
Let g(n) = 2*n - 1. Let h = -8 - -6. Let o be (28/8)/(1/h). Let l = -5 - o. Determine g(l).
3
Let p(d) be the second derivative of -3*d**4/2 - d**3/6 + d**2/2 - 24*d. Determine p(1).
-18
Let y(a) = -a**3 - 7*a**2 - 5*a + 6. Let w = -16 - -10. What is y(w)?
0
Let p be 7/((-7)/(-6)) + -2. Suppose 0 = 2*r - p - 2. Let a(x) = r*x - 18*x**2 + 17*x**2 - 1 - 4*x. What is a(2)?
-7
Suppose -2*c - 22 - 26 = 0. Let j = c - -23. Let s(h) = h**2 - 2*h - 1. Determine s(j).
2
Let k(j) = j**2 + 4*j + 2. Suppose 24 = -3*t + 6*t. Let a = 5 - t. Let y be a + (-3)/(-3) + 0. Calculate k(y).
-2
Let o(u) be the third derivative of 0 + 2/3*u**3 + 0*u + 1/15*u**5 - 1/120*u**6 + 5/24*u**4 - 2*u**2. Let s = 13 + -8. Determine o(s).
4
Let k(b) = b - 5. Let z be 2 - (2/4*2 + -7). Give k(z).
3
Let g(w) be the first derivative of -w**2 + 1/30*w**5 + 0*w**4 + 1/40*w**6 - 2 + 0*w - 1/6*w**3. Let p(t) be the second derivative of g(t). Determine p(-1).
-2
Let n be 1 + 1 + 1 + -1. Let i(t) = t + 5*t**n + 0*t**2 - t - 2. Let a(q) = -6*q**2 - q + 3. Let r(s) = 4*a(s) + 5*i(s). Determine r(4).
2
Let t(w) = -10 + 2 - 4*w + 6. Give t(3).
-14
Let q = -8 - -11. Let n(d) = 2 + 3*d - 4 - d**2 - q*d. Calculate n(-3).
-11
Let t(m) = 5*m + 4. Let l(a) = 5*a + 3. Let b(d) = 3*l(d) - 2*t(d). Suppose 0 = 5*z - 5 - 0. Determine b(z).
6
Let c(l) = -l**2 + l + 1. Suppose -3*r + r = -3*y, 8 = -y - 2*r. Determine c(y).
-5
Let y(r) = 2*r - 6. Let i(s) = -1. Let n(k) = -4*i(k) + y(k). Determine n(-2).
-6
Let v = -181 + 177. Let c(h) = h**2 + 4*h + 2. Give c(v).
2
Let c(s) = 4*s - 3. Suppose 9*x = 8*x + 2. What is c(x)?
5
Let r(n) be the second derivative of n**8/6720 - n**7/630 + n**6/240 - n**5/40 + n**4/4 - n. Let f(p) be the third derivative of r(p). Give f(3).
-3
Suppose -6 - 14 = -5*x. Let r(g) = g**3 - 4*g + x*g**2 - 2 + 0 - 7*g**2. Give r(4).
-2
Let l(u) = u**2 - 2*u - 4. Let c be 12/10*(-20)/(-6). Suppose -12 + 4 = -b. Let a = b - c. Calculate l(a).
4
Let w(u) = 2*u**3 + u**2. Let d(m) = 5*m**3 + 9*m**2 - m - 6. Let z(b) = -d(b) + 3*w(b). Calculate z(6).
12
Let a(o) be the first derivative of -o**4/4 + 5*o**3/3 + 4*o + 1. Give a(5).
4
Let f(d) = d + 8. Suppose -2*h = 3*s - 8, -2*s + 8 = 2*h + 2*s. Let m(k) = k**3 - 5*k**2 + 5*k + 2. Let q be m(h). Give f(q).
14
Let g(b) = b - 9. Let t(u) = 4*u**3 + 2*u - 1. Let n be t(1). Suppose -n*q + 21 = -19. Let v be g(q). Let l(w) = -12*w**3 - 2*w**2 - w. Determine l(v).
11
Let s be (0/1 + 2)*1. Let x(u) = 96 + 2*u**s - 96 - 3*u. Determine x(3).
9
Let p(m) be the third derivative of m**6/15 - m**5/60 + m**4/12 - m**3/6 - m**2. Let z(i) = -2*i - 5. Let d be z(-3). Calculate p(d).
8
Let u(s) be the second derivative of s**3/2 - s**2 - 30*s. What is u(-2)?
-8
Suppose -3*p + 4*q = -2*p + 11, 4*p + q - 24 = 0. Let m(v) = -4*v + v**3 + 2 + 2*v - 5*v**2 + 3*v. Calculate m(p).
7
Suppose -1 = 2*x + 3. Let b(d) be the second derivative of 1/2*d**3 - 1/20*d**5 + 1/2*d**2 + 2*d + 0 + 1/12*d**4. Give b(x).
7
Suppose -a = -1 - 1. Let j(l) = -2 - 2*l**2 - l + l**a + 5*l. What is j(4)?
-2
Let b(d) = d**2 - 7 - 6*d - 4 + 12 - 4. Give b(7).
4
Let z(g) be the third derivative of 1/120*g**6 + 0*g - 1/30*g**5 + g**2 + 0 - 1/24*g**4 - 1/2*g**3. Suppose -13 = -7*w + 3*w + x, -w - 3*x = 0. Give z(w).
3
Let c(f) be the third derivative of -f**4/12 + 2*f**3/3 - 13*f**2. Determine c(3).
-2
Let p(g) = -4*g + 1. Let k = 9 + -6. Let f be k - 1 - (-2 + 5). Let l = f - 0. What is p(l)?
5
Suppose 4*g + 6 + 2 = 0. Let a(q) = -41 - q + 4*q**2 + 39 + 3*q - q + 2*q**3. What is a(g)?
-4
Suppose o - 2*o = -4. Let n(u) = -3*u + o*u - u + 3 - 3*u. What is n(3)?
-6
Let n(g) = -2*g. Let r(c) = -5*c - 8. Let d(t) = 4*n(t) - r(t). Suppose -3*j + j = -12. Determine d(j).
-10
Let x(b) be the first derivative of 1/3*b**3 - b + 7/2*b**2 - 3. What is x(-6)?
-7
Let y(n) be the first derivative of n**3/3 + 4*n**2 + n - 5. Give y(-4).
-15
Let g(r) = -4*r - r**2 - 2*r + r. Let f(p) = -p + 4. Let b be f(7). Calculate g(b).
6
Suppose 2*z + 2 = -4*j, 3*z = 3*j + 15 - 0. Let t be -1 + j/2 + -2. Let c(m) = -m**2 - 5*m - 3. Calculate c(t).
1
Let r(q) = -q - 3*q + 5 - 1 - 2 + q**2. Let a(b) = b + 2. Let u be a(-2). Suppose u*s - 2*s = -m + 10, 0 = m + 2*s + 2. Give r(m).
2
Let q be -13 - (4/(-2))/(-2). Let v(z) = -z**2 - 14*z - 1. Let t be v(q). Let n(a) = -4*a + 1. Calculate n(t).
5
Let t(n) = -n**2 - 3*n + 4. Let j be 1/((-1)/2) - (16 - 14). Determine t(j).
0
Let t(m) be the first derivative of -m**3/3 + 4*m**2 - 2*m - 11. Calculate t(4).
14
Let m(h) = 21*h**2 + h - 1. Let b = 51 + -50. Calculate m(b).
21
Suppose 0 = -n + 5*y - 19, -5*n + 6 + 3 = y. Let s(h) be the second derivative of -3*h**4/4 + h**3/6 + 2*h. Determine s(n).
-8
Let m(v) = v. Let z be 1*-13 + (-17 - -22). Give m(z).
-8
Suppose -4*t + 2*x - 6*x = 0, 21 = 3*t - 4*x. Let s(m) = 7*m + 1 - 14*m + 8*m - t. Let q(v) = 2*v - 6. Let a be q(4). Determine s(a).
0
Suppose 2*u + 12 = -u. Let o be 1/2*(u + 2). Let k(c) = 7*c**2 - c - 1. Calculate k(o).
7
Let d(z) = 3*z + 1. Let w be d(-1). Let k(l) = -l**3 - 3*l**2 + 3*l + 3. Give k(w).
-7
Let l(u) = -5 + 5*u - u - 3*u. Let f be (-6 - -6) + 2 + -